i + 2. Let h be f(-2). Let p be -1 + (5 - h) - 8. Let a = p - -8. List the prime factors of a.
2
Let a(r) = -2*r**3 + r**2 - 1. Let k be a(2). Let n = 22 + k. What are the prime factors of n?
3
Let w = 10 + 8. Let j = -2 + w. List the prime factors of j.
2
Let w = 20 - 11. What are the prime factors of w?
3
Let y(s) = 2*s**3 - 3*s**2 - 3*s. Let c be y(3). Let z = c + -8. List the prime factors of z.
2, 5
Let s = -16 - -32. Suppose -3*y - 4 = -v - 5*y, 0 = 4*y + s. What are the prime factors of v?
2, 3
List the prime factors of (113 - (-3 - -3)) + 0.
113
Suppose -4*p - 20 = -3*a, -2*a + 5*p - 6 = -24. Let q(r) = r**2 - 3*r - 2. List the prime factors of q(a).
2
Suppose 0 = -10*h + h + 1251. List the prime factors of h.
139
Let i be ((-16)/20)/((-3)/15). Suppose 162 = 4*t + i*g + 34, -4 = g. What are the prime factors of t?
2, 3
Let g(s) be the third derivative of s**5/60 + 5*s**4/24 + s**3 + 3*s**2. Let w be g(-5). Suppose w*c = c + 55. What are the prime factors of c?
11
Suppose -4*h = 3*n - n - 366, -h + 93 = n. What are the prime factors of h?
2, 3, 5
Let c(q) = -q**3 + 6*q**2 + 8*q + 4. Suppose -5*d = 2 - 37. What are the prime factors of c(d)?
11
Let w(s) = -s**3 - 4*s**2 + s - 1. Let t be w(-4). Let j = t + 11. What are the prime factors of j?
2, 3
Suppose 0 = 3*l - l + 14. Let u be (-1)/2 - l/(-2). Let k = u - -12. What are the prime factors of k?
2
Suppose 5*b = 2*n - 146, -n + 2*b + 152 = n. List the prime factors of n.
2, 3, 13
Let w be 0/(-2 + (-2 - -2)). Suppose 2*g - 3*n - 17 = -55, w = -4*g + 3*n - 88. Let o = 36 + g. List the prime factors of o.
11
Let x = 5 - 2. Let j(a) = a**x + 0*a + 3*a + 3 - 6*a. What are the prime factors of j(2)?
5
Let p(f) = f**2 + 12*f - 18. List the prime factors of p(7).
5, 23
Suppose -2*o + 31 + 33 = 0. List the prime factors of o.
2
List the prime factors of 526/12 + (-6)/(-36).
2, 11
Suppose 0 = -4*v + n + 49, -5*v + 3*n = -4*v - 26. Let r = -35 - -29. Let p = v + r. List the prime factors of p.
5
Let m be ((-1)/(-1) - -1)*50. Suppose w = -4*w + m. What are the prime factors of w?
2, 5
Let v(f) = -42*f - 77. List the prime factors of v(-6).
5, 7
Let z(b) = b**2 - 2*b. Let x be z(5). Let k = -2 + -5. Let g = k + x. List the prime factors of g.
2
Let o = 162 + -141. What are the prime factors of o?
3, 7
Suppose 4*o - 5*b - 32 = 0, -9 = -2*o + 5*b + 7. Let r be ((-18)/12)/(3/o). Let y = r - -12. List the prime factors of y.
2
Let n = 8 - 10. Let k(r) = -r - 2. Let z be k(n). Suppose -5*v = 2*j - 25, -28 = -2*j - z*v - 4*v. What are the prime factors of j?
2, 5
Suppose 67 = 2*p - 89. List the prime factors of p.
2, 3, 13
Let y be (-16)/(-3)*3/2. Suppose 0 = 2*w + y, -b + 4*b - 3*w - 24 = 0. Suppose -35 = -k - b*k. List the prime factors of k.
7
Let r(a) = a**3 + 9*a**2 - 11*a + 7. List the prime factors of r(-10).
17
Suppose -345 = -4*y - 5*n, 5*y - 380 - 15 = n. List the prime factors of y.
2, 5
Let i be 4/(-22) + 138/33. Suppose -12 = -i*u + u. What are the prime factors of u?
2
List the prime factors of -2*6/(-4) + 26.
29
Suppose v = -l - 5, 3*l + 6*v + 19 = v. What are the prime factors of -3 - l/3*25?
2, 11
Let k(y) = y**2 + y - 9. Let l be k(0). Suppose -d - 67 = -3*s - 2*d, 2*s = -4*d + 28. What are the prime factors of (-4 - -1)/(l/s)?
2
List the prime factors of (-4)/(-6) + (-1640)/(-24).
3, 23
Let v = -5 - -9. Let i be 0/(1 - -3 - 3). Suppose i*j + 12 = v*j. List the prime factors of j.
3
Suppose 0 = -8*i - 180 + 484. What are the prime factors of i?
2, 19
Let f(h) = 5*h**2. Let m be f(1). Suppose 8 = 3*v - n, 4*v + m*n = 19 + 17. List the prime factors of v.
2
Let w be (-8)/(-3)*(-30)/(-8). List the prime factors of -25*1/(w/(-4)).
2, 5
Suppose u - 12 = -4*s, -u + 8 = 2*s - 0*u. Let n be -11 + -2*(-1 + s). List the prime factors of (n + -1)*3/(-6).
7
Let g = 9 - 6. Let c(h) = h**3 - 5*h**2 + 4*h. Let o be c(4). Suppose o*z + g = z. List the prime factors of z.
3
Let w(c) = c + 6. Let p be w(9). What are the prime factors of -2 + p + (-2 - 1)?
2, 5
Let s(q) = 8*q**2 + q. List the prime factors of s(1).
3
Suppose 3*i + 0*i = 3*c + 117, 5*c - 2*i + 180 = 0. Let x be c/(-6) - (-2)/6. Suppose 4*y = 4*f - 40, 2*f = x*f - 5*y - 45. List the prime factors of f.
5
Suppose 4*w - 21 = -t, 3*t = 5*t - 2. Let k = w + -1. Suppose 2*r + 3*l - 10 = 0, -k*r - 2*l = -r - 10. What are the prime factors of r?
2
Let z = 10 + -8. Suppose -1 = z*u - 7. Suppose 21 = u*l + h, l - 31 = -l + 5*h. What are the prime factors of l?
2
Let k(f) = -17*f - 13. Let y(s) = 9*s + 7. Let z(q) = 6*k(q) + 11*y(q). List the prime factors of z(-6).
17
Let x be (-4 - 0)/(12/(-6)). Suppose -x*l = l - 3. Suppose l + 11 = 3*b. What are the prime factors of b?
2
Let x(g) = -g**3 + 15*g**2 + 17*g - 9. Let v be x(16). Suppose 2*y - d - 35 = v, 2*d = -y + 21. List the prime factors of y.
3, 7
Suppose -6*s = -9*s. Suppose 0*d - 36 = 4*d + h, -h = s. Let k = 4 - d. What are the prime factors of k?
13
Let s be (3/(-9))/((-4)/24). What are the prime factors of 13 + s + (-1 - -2)?
2
Suppose 5*j + 17 - 177 = 0. What are the prime factors of j?
2
Let i = -16 - -52. Suppose i + 4 = 2*d. What are the prime factors of d?
2, 5
Suppose 0 = z - 6*z. Let b = z + 2. List the prime factors of -1 - 1 - (-6 - b).
2, 3
Let m = 61 + -59. What are the prime factors of m?
2
Let h(s) = s**3 + 12*s**2 + 12*s + 16. Suppose -30 = 3*m + 3. What are the prime factors of h(m)?
5
Let z = 1 - -3. Let m(x) = 15*x - 5*x - 6*x. List the prime factors of m(z).
2
Let k(c) = -8*c**2 - 14*c + 9. Let q(f) = -7*f**2 - 13*f + 8. Let g(w) = -6*k(w) + 7*q(w). Let x = -5 + 0. What are the prime factors of g(x)?
2, 3
Let u(o) = o**3 - 3*o**2 + 3*o. Let g be 2 - (0 - 2)*-1. Suppose 0 = 2*c - g - 4. What are the prime factors of u(c)?
2
Let j(a) = 5*a**3 + 2*a**2 + 7*a + 8. Let o(k) = k**3 + k**2 + k + 1. Let y(w) = -j(w) + 6*o(w). List the prime factors of y(-3).
2, 5
Suppose -2*h - 5*l = -44, -3*h + 60 = -h + l. Let r = h - 18. List the prime factors of r.
2, 7
Let j(i) = i - 5. Let g be j(-8). Let c = -1 - g. List the prime factors of c.
2, 3
Suppose -20 = -4*y - 3*u, 2*y - u - 2*u = -8. Suppose -4*r + 3*x + 106 = -y*r, 0 = 5*r - x - 265. List the prime factors of r.
53
Suppose 5*l = l. Suppose l = i - 0*i. What are the prime factors of (i - (0 - 1))*9?
3
Suppose 10 = -5*v + 35. Suppose 65 = v*q - 15. List the prime factors of q.
2
Let d = 83 - 32. What are the prime factors of d?
3, 17
What are the prime factors of ((-1884)/(-15))/1 + 4/10?
2, 3, 7
Let b be 2*(3 + -4 + -5). What are the prime factors of ((-8)/b)/((-1)/(-6))?
2
Let k(p) = 2*p - 4. What are the prime factors of k(5)?
2, 3
Let h = 54 - -7. List the prime factors of h.
61
Let o(h) = -5 - 1 - 8 - 4*h. List the prime factors of o(-12).
2, 17
Suppose -4*n = -8, 5*z = -0*n - 3*n + 6. Suppose 5*s - 87 + 37 = z. What are the prime factors of s?
2, 5
Let n = 28 + 3. What are the prime factors of n?
31
Let m = 13 - -3. What are the prime factors of m?
2
Let d = -9 - -11. Let w(o) = o**2 - o + 1. List the prime factors of w(d).
3
Let q = -8 - -8. Let n = q - -2. Suppose n = -3*i + 41. List the prime factors of i.
13
Suppose -4*v - 8 = 0, -4*k = -5*v + 127 - 341. List the prime factors of k.
3, 17
Suppose -f = f + 10, 0 = -3*g - 3*f - 3. Let a be (2/(-5))/((-1)/5). Suppose p = a*p - g. List the prime factors of p.
2
Let i = -28 - -30. Let w(j) = -2*j - 2. Let g be w(6). Let d = i - g. What are the prime factors of d?
2
Let y be (-1 + -2)*(6 - 7). Suppose -9 - y = -b. List the prime factors of b.
2, 3
What are the prime factors of (0 + 297)*4/12?
3, 11
Let y = 14 - 10. Suppose -2*d - 2 = -4*t + 20, 5*t + y*d = 8. Suppose -t*q + a - 4*a = -55, q + 3*a - 25 = 0. List the prime factors of q.
2, 5
Let b(c) = c**3 - 4*c**2 - 5*c + 3. Let d(r) = -r**2 + 2*r + 4. Let l be d(4). Let k = 1 - l. List the prime factors of b(k).
3
Let h = -4 - -12. What are the prime factors of h?
2
Let z(r) = r + 3. Let t be z(-6). What are the prime factors of 1 + 3 + t + 22?
23
Let a = 3 - -130. List the prime factors of a.
7, 19
What are the prime factors of -7 - -6 - (-1 + -1 + -65)?
2, 3, 11
Let n(g) be the first derivative of -g**2 - 2. Let x(q) = -q**3 - 4*q**2 + 7*q + 4. Let j be x(-5). What are the prime factors of n(j)?
2, 3
Suppose -5*l = -4*j